
-231
In base 12, what is 234 + 5?
239
In base 11, what is -8773 - -5?
-8769
In base 3, what is -22010 - -11?
-21222
In base 13, what is -2 - 51?
-53
In base 5, what is 121 + -113?
3
In base 12, what is 4 - -35?
39
In base 5, what is -3 - 423?
-431
In base 13, what is 16c + c?
17b
In base 15, what is -e + 8?
-6
In base 15, what is -3 + 3d?
3a
In base 16, what is -798 + 1?
-797
In base 2, what is 101010001 - 10?
101001111
In base 11, what is -26 - -13?
-13
In base 4, what is 33022 - 1?
33021
In base 12, what is -302 + 0?
-302
In base 14, what is -3 - -17?
14
In base 8, what is -1011 + 1?
-1010
In base 11, what is 44 + 3?
47
In base 9, what is -4834 + 2?
-4832
In base 8, what is -13406 - -3?
-13403
In base 13, what is 6 + -750?
-747
In base 15, what is 5 + 2c?
32
In base 4, what is 10102 + -2?
10100
In base 10, what is -5 - -203?
198
In base 2, what is 1 - 10000010110?
-10000010101
In base 14, what is -1 - 612?
-613
In base 10, what is -18630 - 4?
-18634
In base 7, what is 4 - -163?
200
In base 6, what is 32 - -11?
43
In base 2, what is 100 + 1111111101000?
1111111101100
In base 15, what is 71c + e?
72b
In base 16, what is -d2 - -2b?
-a7
In base 13, what is -b7ab + 0?
-b7ab
In base 11, what is -3 - 604?
-607
In base 5, what is -1424 + -2?
-1431
In base 12, what is 2 + -134?
-132
In base 11, what is 4 + -53?
-4a
In base 2, what is 10001 - -111?
11000
In base 6, what is -5 + -2220?
-2225
In base 4, what is 3 + -3202?
-3133
In base 10, what is -41 + 3?
-38
In base 15, what is 1ac + -4?
1a8
In base 11, what is 94 - -30?
114
In base 16, what is af - -2?
b1
In base 4, what is 131 + 10?
201
In base 16, what is -18 - 5?
-1d
In base 8, what is -3 - -1633?
1630
In base 16, what is -a - 1e6?
-1f0
In base 15, what is -2e + -7?
-36
In base 6, what is 5 + 205?
214
In base 6, what is -2121 + 14?
-2103
In base 4, what is 103 - -1?
110
In base 10, what is 57 + -5?
52
In base 4, what is 10203331 - -11?
10210002
In base 13, what is 0 + -238?
-238
In base 3, what is -22012 + -11?
-22100
In base 10, what is 16 - 8?
8
In base 6, what is -1 + 42551?
42550
In base 2, what is 1011000 - -111001?
10010001
In base 15, what is -17b + 1?
-17a
In base 14, what is -27 - 38?
-61
In base 6, what is -412 - -3?
-405
In base 2, what is -100 + 10100111?
10100011
In base 8, what is 13 - -112?
125
In base 4, what is 20 + -1330?
-1310
In base 13, what is cc - -b?
10a
In base 5, what is -2 - 1123?
-1130
In base 12, what is 26 - -80?
a6
In base 5, what is 212 + 0?
212
In base 2, what is -100101 + 1111011?
1010110
In base 9, what is -38 + 35?
-3
In base 7, what is 3 - 25?
-22
In base 6, what is 4020 + -3?
4013
In base 6, what is 1223 + -55?
1124
In base 8, what is 175 + -122?
53
In base 11, what is -4391 - 2?
-4393
In base 2, what is 110111 + -1?
110110
In base 8, what is -42 + 7?
-33
In base 12, what is -b + -1491?
-14a0
In base 2, what is 10000 - -1001010?
1011010
In base 8, what is -3 - -2342?
2337
In base 7, what is 2106 + 3?
2112
In base 4, what is -1012 + 10?
-1002
In base 12, what is -1677 + -3?
-167a
In base 13, what is -137 + -104?
-23b
In base 13, what is -5c1 - -13?
-5ab
In base 5, what is -10 + -413?
-423
In base 11, what is 0 + -1182?
-1182
In base 9, what is -6402 + 1?
-6401
In base 12, what is -a + 73?
65
In base 14, what is -3 + -ad?
-b2
In base 11, what is 1124 - 0?
1124
In base 15, what is -7e + -3?
-82
In base 6, what is -200 + 0?
-200
In base 3, what is 202 + 100?
1002
In base 9, what is -2185 - 3?
-2188
In base 14, what is -142 - -3?
-13d
In base 15, what is 2 - 8c8?
-8c6
In base 13, what is -1c8 - -3?
-1c5
In base 16, what is -4 - 3?
-7
In base 3, what is 110111222 + -2?
110111220
In base 7, what is -334 - -15?
-316
In base 15, what is d04 + -3?
d01
In base 2, what is 101001010110 + -11?
101001010011
In base 16, what is -1 - 0?
-1
In base 15, what is 3 - -3?
6
In base 12, what is 108a + 2?
1090
In base 15, what is 26 - -2a?
51
In base 4, what is -2 - 113013?
-113021
In base 9, what is 3511 - 1?
3510
In base 7, what is -3 + 2361?
2355
In base 2, what is 0 + -1?
-1
In base 7, what is 1 + -2232?
-2231
In base 5, what is 10414 - -14?
10433
In base 8, what is -77 + 20?
-57
In base 13, what is 108a - 3?
1087
In base 11, what is 4 + -60?
-57
In base 10, what is -2222 + -2?
-2224
In base 11, what is -a + -432?
-441
In base 10, what is 0 - -118?
118
In base 12, what is 3a - 3?
37
In base 13, what is -5 - 443?
-448
In base 3, what is 1201 - -2012?
10220
In base 11, what is -545 - -4?
-541
In base 7, what is -4 + 13?
6
In base 13, what is -1 + 26?
25
In base 10, what is -35 + 4?
-31
In base 2, what is -111000110 + -1?
-111000111
In base 10, what is 2169 + -4?
2165
In base 2, what is -10 + 10011110?
10011100
In base 14, what is -261 + 5?
-25a
In base 6, what is -345 - 34?
-423
In base 5, what is -244224 - 4?
-244233
In base 13, what is 97a + 3?
980
In base 12, what is -b7 + 3?
-b4
In base 9, what is -3 + 1825?
1822
In base 12, what is -5a - 4?
-62
In base 3, what is -2220200 + 2?
-2220121
In base 8, what is -55753 - 3?
-55756
In base 3, what is 12111 + 11?
12122
In base 3, what is -12 - -20111?
20022
In base 4, what is 1 - 1110022?
-1110021
In base 6, what is -5150 - -12?
-5134
In base 15, what is -4 + -152?
-156
In base 2, what is 1100100 + 100?
1101000
In base 7, what is -45 + 455?
410
In base 11, what is 4 + -707?
-703
In base 5, what is 302 + 103?
410
In base 7, what is 53 + 6?
62
In base 2, what is -1011 + 10101?
1010
In base 11, what is 4 + -988?
-984
In base 6, what is -125 - 1?
-130
In base 11, what is -1 - 594?
-595
In base 13, what is 3 + -55?
-52
In base 2, what is 100 - -1111110110?
1111111010
In base 15, what is 8bbb - 0?
8bbb
In base 8, what is -2752 - 5?
-2757
In base 13, what is 10c + 30?
13c
In base 10, what is -542 - 1?
-543
In base 11, what is 2141a + 3?
21422
In base 16, what is -49 - 4?
-4d
In base 16, what is 694 + b?
69f
In base 5, what is 112142 - -12?
112204
In base 8, what is -674 - -2?
-672
In base 11, what is -23 - 135?
-158
In base 13, what is 2 + 142?
144
In base 4, what is -23231 + -110?
-30001
In base 3, what is 1 + -101022?
-101021
In base 7, what is 3 + 105?
111
In base 15, what is -a24 - -3?
-a21
In base 12, what is -a9 - 30?
-119
In base 14, what is 4 + -36?
-32
In base 16, what is -5 + -417?
-41c
In base 9, what is 5 + -568?
-563
In base 3, what is 112 - 110?
2
In base 11, what is 15 - 25?
-10
In base 8, what is 5 + -105?
-100
In base 9, what is -10420 + 1?
-10418
In base 6, what is -3 - 10405?
-10412
In base 16, what is 0 + a?
a
In base 5, what is 4 - -13134?
13143
In base 5, what is 304401 - -3?
304404
In base 10, what is 1444 + 10?
1454
In base 4, what is -213 - 110?
-323
In base 10, what is -4 + 907?
903
In base 2, what is 1100 - 101?
111
In base 3, what is -1201 + -2202?
-11110
In base 2, what is -10011010011 - -100?
-10011001111
In base 6, what is -112 + 4?
-104
In base 12, what is -308 + 2?
-306
In base 9, what is 26 + 47?
74
In base 10, what is 374 - -9?
383
In base 9, what is -1 + 3550?
3548
In base 16, what is 4 - 19?
-15
In base 9, what is 4 + -136?
-132
In base 16, what is 8 - 8fe?
-8f6
In base 8, what is 14 + 350?
364
In base 3, what is -12 - 101200?
-101212
In base 7, what is -124 - -121?
-3
In base 4, what is -11211 + 0?
-11211
In base 4, what is 0 - 330?
-330
In base 11, what is -7a0 + 3?
-798
In base 5, what is 1 + -2?
-1
In base 6, what is -22252 - -3?
-22245
In base 13, what is 2 + 9?
b
In base 13, what is -b3 - 4?
-b7
In base 12, what is 5 - -b5?
ba
In base 10, what is -67 - 4?
-71
In base 8, what is -113 + 3?
-110
In base 5, what is -32 - -311?
224
In base 12, what is 4 - -3b6?
3ba
In base 10, what is 208 - 8?
200
In base 10, what is 1 - 1488?
-1487
In base 14, what is -21d1 - 0?
-21d1
In base 13, what is -1 + 83?
82
In base 3, what is 221100 + -10?
221020
In base 15, what is -29 + 94?
6a
In base 10, what is -6 + -30?
-36
In base 9, what is -33824 + 1?
-33823
In base 5, what is -1 + -10?
-11
In base 6, what is -551 - 152?
-1143
In base 12, what is 0 - 1a9?
-1a9
In base 11, what is 36 + -51?
-16
In base 12, what is -139a9 + 5?
-139a4
In base 7, what is -4553 - 3?
-4556
In base 9, what is 60 + -147?
-77
In base 7, what is 431 + 2?
433
In base 5, what is 43132 - 3?
43124
In base 3, what is 1 - 12021002?
-12021001
In bas